(-2)/(60/o) composite?
True
Suppose -950688 = 88*y - 92*y - 2*m, -475342 = -2*y - 2*m. Is y composite?
False
Suppose 19 = -3*l + 58. Suppose 5*u + 1624 = l*u. Let c = 1044 + u. Is c a composite number?
True
Let i = 106859 - 60640. Is i a composite number?
False
Let y(g) be the second derivative of -8*g + 0 + 17/6*g**3 - 13/2*g**2. Is y(12) a prime number?
True
Let s(v) = 346*v + 36. Let n be s(3). Let r = n - 553. Is r prime?
True
Let u(o) = 27*o**2 - o - 14*o - 8*o - 14*o**2 - 49. Is u(22) a composite number?
False
Suppose 2*o - k - 677600 = 0, -484476 - 870724 = -4*o + 4*k. Suppose -32*w = -114736 - o. Is w prime?
True
Suppose -52*k - 51*k + 547893 = -94*k. Is k a composite number?
True
Suppose 133 - 2977 = -4*n. Let z = -70 - n. Let w = z + 3098. Is w a composite number?
True
Let f(h) = h**3 - 11*h**2 - 2*h + 26. Let o be f(11). Is o*(-6)/36*-13749 prime?
False
Suppose -7 = 3*d + 2, -4*p + 5*d - 85 = 0. Let n = p - -28. Suppose -b - 614 = -n*b. Is b prime?
True
Let l = -10 + 24. Let c be -2 + l/10 - 21231/15. Let a = -829 - c. Is a a prime number?
True
Let j = 523800 + -249319. Is j composite?
True
Is 276155 - (1221/(-185) + (-3)/(-5)) a composite number?
True
Suppose 4*n = 18*j - 21*j + 8, 0 = 2*n + 3*j - 4. Suppose -5*k = -4*p - 69299, -7*p + 27714 = n*k - 3*p. Is k a prime number?
True
Suppose -6*c + 3*c = 4*x - 77, 3*c = 9. Suppose 1487 = x*o - 9104. Is o composite?
True
Suppose -24*o + 92349 = 20709. Suppose 28*k + o = 130301. Is k a prime number?
True
Let l be 1 + -1 - (8 + -6 - 1). Let j(g) = -3*g**3 + 2*g**2 + 4*g + 3. Let v be j(l). Suppose 4*y - 5 - 3 = 0, -v*y = 5*m - 63. Is m composite?
False
Let q(x) = 2*x**2 + 6*x + 52. Let w be q(25). Suppose -v + w = -12407. Is v a prime number?
True
Let g = -333 + 329. Is (g/(-6))/((-30)/(-18855)) a prime number?
True
Suppose 18 = 2*q + 8. Suppose -q*p + 34963 = 2718. Is p composite?
False
Let c(j) = -1557*j + 9707. Is c(-86) a composite number?
False
Let j(a) = 682*a - 8562. Is j(52) prime?
False
Suppose 2081353 = 401*l - 3165732. Is l a prime number?
False
Let b be 276/(-9)*9/6. Is (b/69)/((-2)/16035) prime?
False
Let b be (-1 + 73)*(-104)/(-24). Let l be (58/6)/(4/b). Let i = -353 + l. Is i composite?
False
Let s be (-8)/20 + 54/(-15). Let r(k) = k**2 + 6*k + 10. Let d be r(s). Is d*(11268/8 - -1) a composite number?
False
Suppose -5*x + 16969 = 4*o, 6*o - 11*o = -5*x - 21200. Suppose -26*j = -3*k - 27*j + 12723, 4*j = -k + o. Is k composite?
False
Let s = 523273 + -237822. Is s a composite number?
False
Let i = -50 - -94. Let c = 49 - i. Suppose -5*d + 4*j = -1547, 0 = 3*d + d + c*j - 1213. Is d a prime number?
True
Let b(o) = -2501*o - 946. Is b(-87) prime?
True
Suppose -7 = 6*c - 7. Let j be c/(2 + -2 - -2). Suppose 0*x + x - 4*h - 1303 = j, -2*x - 4*h + 2654 = 0. Is x prime?
True
Let f = 1061069 - 295942. Is f composite?
True
Let z be (19 + 1)*6/(-4). Let c be (3/(-2))/(9/z). Suppose -933 = -2*y - c*l - 121, 3*l - 816 = -2*y. Is y prime?
False
Suppose 0 = -370*m + 372*m - 4. Suppose f - 3261 = -4*d + 2805, f + m = 0. Is d a prime number?
False
Suppose -3643*g + 3645*g - 4*x = 80296, 4*x = -12. Is g a composite number?
True
Suppose -5*w = 4 + 6. Is w/3*(-13410)/20 composite?
True
Suppose 0 = 5*c + 580680 - 1620575. Is c composite?
True
Let d(i) = -11 + 1186*i**2 + 8*i - 90*i - 1154*i**2 - i**3. Is d(24) a composite number?
True
Let d = -156846 + 2762303. Is d a prime number?
False
Let o be (0/(2 + (-3 - 0)))/2. Let p be ((7 - o) + -6)*(-70 - 1). Let v = p - -148. Is v a prime number?
False
Let a = 68 - 14. Let l = -3332 - -3703. Suppose -a*d + 53*d + l = 0. Is d prime?
False
Suppose 3321 = -c + 254. Let z = c - -5660. Suppose 0 = 3*a - z + 340. Is a composite?
False
Let j(y) = y**2 - 3*y - 6. Let b be j(4). Let g be ((-18)/3)/(b*(-5)/(-1745)). Suppose 0 = -2*q + 4*q + 3*o - 416, 4*o = -5*q + g. Is q a composite number?
False
Suppose 4*f = 4*r - 58388, 0 = -r + 3*f + 12502 + 2107. Is r a composite number?
False
Let k = -331 + 488. Let b = -23 + 153. Suppose -o = -b - k. Is o prime?
False
Suppose -5*b - r + 95 = -2*r, -2*r = -10. Suppose -p = b - 274. Is p a prime number?
False
Suppose -j = -2, 2*w - 6*j = -3*j + 482172. Is w a composite number?
True
Let t = -142 - -1494. Suppose -9*v - t = -10*v. Is v + 12 + 6/(-2) a prime number?
True
Let j(o) = 115*o**2 - 448*o - 8100. Is j(-19) composite?
False
Let h(r) = -19887*r - 116. Is h(-1) a composite number?
True
Let r(n) = -3*n + 41. Let a be r(16). Let f be -5 + (-4 - a - -9). Suppose -2231 = -f*w + 6*w. Is w prime?
False
Let a be 26/14 + 10/70 - 1. Is 264792/36 + (2/(-6))/a prime?
False
Let q = -3488 + 105405. Is q prime?
True
Suppose -3*n = 8*n + 132. Let m be (-1)/(-3) + (-2 - 36932/n). Suppose -m = -2*r - 2*r. Is r a composite number?
False
Suppose -579155 = -3*b - 2*j, 84*b - 79*b + 5*j - 965250 = 0. Is b a prime number?
False
Suppose 18*l + l = 38. Suppose 5 = l*c + 13, 5*i - 23057 = 3*c. Is i a composite number?
True
Let g(w) = w**2 - w + 1. Let u(r) = -69*r**2 + 5*r + 11. Let b(l) = 4*g(l) + u(l). Let h be b(8). Is h/(-8) - 1/8 a composite number?
True
Let m be (-1 - 37)*(-5 - 4 - 527). Let h = m - 14429. Is h a prime number?
True
Suppose -5*o + v = -235941, 3*o + 49*v = 45*v + 141583. Is o a composite number?
False
Let m(h) = -20*h - 41 + 2*h**3 - 4*h**3 + 3*h**3 + 18*h**2. Let u be m(-19). Let t(g) = -180*g + 7. Is t(u) a prime number?
True
Let s(h) = -22*h**3 - 33*h**2 + 23*h + 885. Is s(-22) a prime number?
False
Let h be (-4)/(-12)*-29*-3. Let x = -23 + h. Is (278/(-3) + 5)/((-2)/x) a composite number?
False
Let g(v) = 8568*v**2 + v. Let z be g(-1). Let b be ((-1386)/252)/((-213)/844 - 3/(-12)). Suppose 9*l + b - z = 0. Is l a prime number?
False
Suppose 4*w + 5*t - 46443 = -5959, 2*w + 5*t - 20242 = 0. Suppose 7*s - w = 10718. Is s composite?
True
Suppose -4431 = -y + c, -8846 = -2*y - 6*c + 4*c. Suppose 5*x - 2*f = 3*x + 2970, -y = -3*x - 4*f. Is x a composite number?
False
Let n be 2 - -15 - (-1 - (0 - -1)). Let z = n - 79. Let u = 1741 - z. Is u composite?
False
Let o = 7 + -8. Let f(p) = 1965*p**2 - 3*p - 5. Is f(o) composite?
True
Let q(s) = -s - 19. Let v be q(-19). Suppose -7*u + 2*u + 19835 = v. Is u a prime number?
True
Suppose -y - 4 = -0*n - 4*n, 3*n - 14 = -2*y. Suppose -2*x + 28524 - 6370 = 0. Suppose -y*q + 4687 = -x. Is q prime?
False
Let f(r) = 3492*r**3 - 6*r**2 + 7*r - 2. Suppose 61*x = 99*x - 38. Is f(x) a prime number?
True
Let a be 8/12*(-90)/12. Let x be -3 - (-3 + -352 + a). Let i = x - 230. Is i composite?
False
Suppose -24 = -53*l + 47*l. Suppose 0 = -l*n + 15206 - 4890. Is n a composite number?
False
Let l be ((-66)/9)/(34/(-1275)). Let u = 11 + 83. Suppose 2*w - u = -4*h, -w - 2*h + l = 4*w. Is w prime?
False
Suppose 12444 - 673 = 47*k - 39083. Is k a prime number?
False
Let l be (-7)/(4/2 - (-897)/(-447)). Let w = 884 + l. Is w composite?
True
Let t = 67326 - -37517. Is t a prime number?
False
Let y(v) = v**3 + 26*v**2 + 18*v + 39. Let w be y(-24). Suppose 4*p - 733 = w. Is p prime?
True
Let y(v) = v**2 + v. Let m(q) = -3*q**2 + 11*q - 17. Let c(d) = -m(d) + y(d). Is c(-11) prime?
False
Let h(j) = 1382*j**2 - 9*j + 93. Is h(-4) composite?
True
Let t = -1292697 - -1868506. Is t a prime number?
False
Let i = -1331980 - -1903349. Is i prime?
True
Suppose 5*u = 3*u + 2*w + 16312, u + w - 8158 = 0. Is (32/24)/(4/u) a composite number?
False
Let t(q) = q**3 + 47*q**2 + 47*q + 24. Is t(-29) composite?
False
Suppose 7*j - 3*j = -4*f + 85056, -5*f - 25 = 0. Is j composite?
False
Let p(n) = n - 32. Let d be p(-5). Let b = d + 39. Suppose q + 3*h = 290, -q + 3*q - b*h - 588 = 0. Is q a prime number?
True
Let j be (-7 + -1)/(-3 - 14/(-7)). Suppose j*u = -3464 + 1336. Let a = u + 501. Is a a composite number?
True
Let a(u) = 14*u**2 - 12 + 2 - 2*u**2 - 7 - 23*u. Is a(18) a prime number?
True
Let n(v) = -2*v + 1. Let z be n(-1). Suppose -10315 = -z*p - 904. Is p composite?
False
Suppose 4*r + 2968 = 3*w, 5*w + r - 4*r - 4932 = 0. Let u = w - 467. Is u a prime number?
False
Let p(v) = 28*v**2 + 106*v - 11. Is p(56) a composite number?
True
Let a(x) = -x**2 + x - 1. Let u be a(-1). Let m be (-1 + 1160/15)*u. Let v = m + 320. Is v a prime number?
False
Suppose -4*b - 4*h + 64425 = -3*b, 0 = 3*b + 3*h - 193293.